0
-49 (base 13) to base 9
-67
-1 (base 12) to base 7
-1
2b (base 13) to base 10
37
What is -1 (base 14) in base 5?
-1
What is -121 (base 3) in base 9?
-17
2 (base 9) to base 3
2
Convert 2 (base 4) to base 10.
2
What is 1 (base 8) in base 2?
1
What is -31 (base 12) in base 13?
-2b
28 (base 16) to base 5
130
-111011 (base 2) to base 6
-135
What is -5 (base 11) in base 16?
-5
Convert -21 (base 13) to base 15.
-1c
What is 45 (base 9) in base 11?
38
Convert -115 (base 10) to base 2.
-1110011
What is 11011 (base 2) in base 16?
1b
Convert 24 (base 10) to base 12.
20
Convert -16 (base 8) to base 15.
-e
-15 (base 8) to base 10
-13
What is 0 (base 6) in base 16?
0
What is -1 (base 11) in base 10?
-1
-4 (base 12) to base 10
-4
Convert -3 (base 12) to base 8.
-3
What is 4 (base 5) in base 15?
4
What is -1111100 (base 2) in base 3?
-11121
Convert -1 (base 15) to base 6.
-1
What is 4 (base 10) in base 6?
4
What is -232 (base 9) in base 11?
-164
Convert 5 (base 10) to base 2.
101
Convert 14 (base 12) to base 5.
31
Convert 2 (base 14) to base 10.
2
What is 163 (base 7) in base 2?
1011110
What is -a (base 12) in base 5?
-20
Convert 34 (base 8) to base 9.
31
What is 10 (base 6) in base 7?
6
What is 76 (base 11) in base 14?
5d
44 (base 14) to base 4
330
2131 (base 4) to base 14
b3
Convert 6 (base 16) to base 12.
6
-7 (base 16) to base 6
-11
What is -aa (base 13) in base 6?
-352
What is 121 (base 7) in base 6?
144
-10 (base 6) to base 12
-6
-77 (base 16) to base 12
-9b
-49 (base 10) to base 14
-37
Convert 74 (base 15) to base 14.
7b
-21121 (base 3) to base 9
-247
Convert -100001001 (base 2) to base 4.
-10021
Convert -68 (base 10) to base 3.
-2112
8 (base 14) to base 13
8
Convert 12 (base 9) to base 14.
b
What is 516 (base 7) in base 16?
102
-1220 (base 3) to base 16
-33
Convert 7 (base 12) to base 9.
7
Convert -e2 (base 15) to base 12.
-158
What is -5 (base 15) in base 5?
-10
7 (base 10) to base 6
11
Convert -209 (base 10) to base 12.
-155
6 (base 11) to base 14
6
-60 (base 11) to base 12
-56
102 (base 3) to base 9
12
Convert -16 (base 8) to base 5.
-24
-3320 (base 4) to base 10
-248
What is -2 (base 4) in base 16?
-2
What is 110100 (base 2) in base 15?
37
46 (base 11) to base 8
62
Convert -2 (base 10) to base 3.
-2
Convert 94 (base 11) to base 12.
87
Convert 2 (base 14) to base 15.
2
-5 (base 14) to base 13
-5
Convert 10 (base 2) to base 10.
2
Convert 4 (base 6) to base 4.
10
What is 1f (base 16) in base 8?
37
What is -42 (base 6) in base 10?
-26
Convert -74 (base 8) to base 16.
-3c
3 (base 8) to base 2
11
10 (base 2) to base 13
2
Convert 20 (base 12) to base 11.
22
Convert 230 (base 4) to base 10.
44
Convert 2 (base 11) to base 7.
2
Convert 3 (base 16) to base 2.
11
Convert 1 (base 12) to base 9.
1
What is 4 (base 15) in base 6?
4
2a (base 12) to base 4
202
What is 11010111 (base 2) in base 16?
d7
Convert 41 (base 6) to base 15.
1a
What is 23 (base 11) in base 4?
121
-11010000 (base 2) to base 7
-415
Convert 9 (base 11) to base 6.
13
561 (base 7) to base 5
2123
Convert -13 (base 8) to base 15.
-b
120 (base 4) to base 3
220
What is -111 (base 2) in base 10?
-7
1001 (base 2) to base 12
9
Convert -9 (base 10) to base 5.
-14
Convert -1b (base 16) to base 8.
-33
Convert -6 (base 8) to base 9.
-6
52 (base 7) to base 6
101
2 (base 3) to base 16
2
What is 2 (base 7) in base 3?
2
What is 25 (base 11) in base 8?
33
What is -1 (base 3) in base 15?
-1
-5 (base 14) to base 8
-5
4 (base 11) to base 5
4
1002 (base 4) to base 7
123
What is -3 (base 10) in base 4?
-3
Convert -123 (base 11) to base 14.
-a6
-7c (base 15) to base 12
-99
Convert 100 (base 3) to base 8.
11
-1 (base 10) to base 8
-1
What is -64 (base 9) in base 10?
-58
1101 (base 2) to base 7
16
Convert 100 (base 6) to base 8.
44
Convert 2 (base 5) to base 10.
2
What is -27 (base 11) in base 5?
-104
Convert -3 (base 9) to base 15.
-3
What is -b (base 12) in base 7?
-14
164 (base 16) to base 3
111012
What is -10 (base 4) in base 5?
-4
What is -10 (base 3) in base 12?
-3
1c (base 15) to base 8
33
What is -104 (base 10) in base 5?
-404
Convert 1000 (base 2) to base 15.
8
Convert 4 (base 14) to base 3.
11
Convert -20 (base 5) to base 2.
-1010
Convert 3 (base 8) to base 13.
3
Convert -1310 (base 5) to base 15.
-da
Convert 1 (base 12) to base 13.
1
What is 4 (base 6) in base 13?
4
What is 17 (base 14) in base 10?
21
Convert -41 (base 5) to base 2.
-10101
What is 224 (base 12) in base 15?
161
-123 (base 6) to base 16
-33
-57 (base 9) to base 2
-110100
1b (base 13) to base 15
19
Convert -10 (base 13) to base 8.
-15
What is -3 (base 12) in base 14?
-3
What is 7 (base 16) in base 15?
7
What is -2 (base 12) in base 2?
-10
Convert 70 (base 11) to base 8.
115
147 (base 14) to base 15
124
-75 (base 15) to base 6
-302
-2 (base 16) to base 9
-2
What is 473 (base 8) in base 6?
1243
Convert -145 (base 6) to base 12.
-55
-15 (base 7) to base 15
-c
What is 2 (base 14) in base 15?
2
5 (base 6) to base 10
5
What is 1000011 (base 2) in base 8?
103
What is -4 (base 11) in base 16?
-4
Convert -a (base 15) to base 5.
-20
What is -1102 (base 3) in base 10?
-38
Convert 10111111 (base 2) to base 11.
164
Convert -4 (base 16) to base 10.
-4
What is -1 (base 11) in base 12?
-1
What is 11 (base 5) in base 13?
6
Convert 3 (base 14) to base 5.
3
Convert 17 (base 10) to base 14.
13
What is -1 (base 11) in base 3?
-1
What is 3 (base 16) in base 4?
3
-2a (base 16) to base 15
-2c
-102 (base 3) to base 7
-14
Convert -124 (base 7) to base 9.
-74
Convert -1 (base 4) to base 14.
-1
16 (base 7) to base 16
d
What is 0 (base 11) in base 7?
0
Convert 3 (base 10) to base 15.
3
Convert 13 (base 13) to base 8.
20
3 (base 7) to base 16
3
What is 12 (base 12) in base 14?
10
-11 (base 7) to base 11
-8
17 (base 12) to base 8
23
-5 (base 6) to base 7
-5
Convert -3100 (base 4) to base 6.
-544
114 (base 7) to base 9
66
Convert 99 (base 15) to base 2.
10010000
Convert -3b (base 16) to base 12.
-4b
-136 (base 10) to base 4
-2020
-10 (base 8) to base 12
-8
What is 111 (base 10) in base 9?
133
What is -4 (base 16) in base 12?
-4
What is 2 (base 14) in base 3?
2
What is -1b (base 14) in base 8?
-31
-d7 (base 14) to base 2
-10111101
-49 (base 10) to base 13
-3a
Convert 74 (base 11) to base 5.
311
What is 82 (base 10) in base 2?
1010010
-1313 (base 4) to base 5
-434
Convert 12 (base 13) to base 8.
17
Convert 22 (base 5) to base 3.
110
What is -1 (base 14) in base 5?
-1
165 (base 9) to base 12
b8
What is 1 (base 6) in base 8?
1
-4 (base 10) to base 2
-100
-20 (base 4) to base 11
-8
What is 3 (base 10) in base 13?
3
What is 0 (base 9) in base 12?
0
72 (base 16) to base 13
8a
-8 (base 13) to base 5
-13
Convert -32 (base 7) to base 14.
-19
What is 102222 (base 3) in base 7?
641
Convert 32 (base 13) to base 9.
45
Convert -10 (base 12) to base 3.
-110
What is -25 (base 8) in base 5?
-41
-3 (base 5) to base 4
-3
2 (base 13) to base 14
2
Convert -21 (base 6) to base 7.
-16
Convert -13 (base 5) to base 12.
-8
Convert 1001 (base 3) to base 6.
44
3 (base 6) to base 9
3
Convert -10001010 (base 2) to base 15.
-93
Convert 5 (base 14) to base 10.
5
Convert 2 (base 7) to base 2.
10
Convert 5 (base 6) to base 16.
5
What is 0 (base 3) in base 6?
0
-4 (base 10) to base 14
-4
What is -74 (base 13) in base 10?
-95
Convert 4 (base 14) to base 4.
10
Convert 26 (base 10) to base 4.
122
-10010111 (base 2) to base 15
-a1
-31 (base 11) to base 6
-54
-2 (base 7) to base 9
-2
1 (base 15) to base 14
1
Convert -6 (base 12) to base 8.
-6
Convert -11 (base 13) to base 7.
-20
-34 (base 7) to base 5
-100
What is -17a (base 15) in base 13?
-202
-11 (base 4) to base 2
-101
Convert -7 (base 10) to base 15.
-7
What is 143 (base 12) in base 13?
120
-65 (base 14) to base 10
-89
Convert -42 (base 7) to base 11.
-28
What is -bd (base 16) in base 14?
-d7
Convert 12030 (base 4) to base 3.
112200
What is 32 (base 9) in base 16?
1d
-100111 (base 2) to base 8
-47
-4 (base 6) to base 10
-4
What is 0 (base 6) in base 4?
0
3 (base 7) to base 11
3
Convert 26 (base 7) to base 15.
15
Convert 53 (base 9) to base 12.
40
Convert 100001 (base 2) to base 11.
30
Convert 13 (base 7) to base 9.
11
11 (base 5) to base 11
6
Convert 25 (base 12) to base 9.
32
21 (base 6) to base 10
13
-404 (base 5) to base 11
-95
What is -3 (base 7) in ba